**3 - 21*w**2 - 31*w + 6. Let l(q) = -11*f(q) + 4*j(q). Let p = 65 + -71. Determine l(p).
-16
Let k be 324/243*(-1)/(2/(-3)). Let z(a) = 30*a**3 - 3*a**2 - 31*a**3 - 4*a**2 - k. Suppose -5*x + 3*o - 31 = -o, -4*o = 4. What is z(x)?
-2
Let m(o) = -o**2 + o**3 + 168*o - 54*o - 62*o + 0*o**2 + 18 - 53*o. Suppose 0*r - 5*r = 0. Calculate m(r).
18
Let q(w) = -10*w + 49944*w**2 - 1 + 0*w + 3*w - 49947*w**2. Give q(-1).
3
Let d(o) = -o**3 + o**2 - o + 11. Suppose 221*f - 223*f = -4. Let a = 27 - 12. Suppose -4*l - 20 = 3*s, 2*s + 5*l - f*l = -a. Give d(s).
11
Let y(i) be the first derivative of 2*i**3/3 + 6*i**2 + i + 2361. Calculate y(-5).
-9
Let m(h) = -h**3 - 5*h**2 + 6*h - 2. Let u be m(-6). Let d(t) be the second derivative of -8*t**3/3 - t**2 + 12402*t. Give d(u).
30
Let w(o) = -7*o + 45. Let k(f) = 11*f - 71. Let v(a) = 5*k(a) + 8*w(a). Suppose 5*r + 8 = 9*r. Give v(r).
3
Let r(n) = -n**2 - 6*n. Let q(h) = h**2 - 19*h - 37. Let z be q(20). Let d(p) = 23*p + 29 + 0*p**2 - 4*p + p**2. Let v be d(z). What is r(v)?
5
Suppose -5*j + 19 + 38 = -4*r, -5*j = 5*r - 30. Let c(x) = 3*x - 32. What is c(j)?
-5
Let n(f) = -2*f + 5. Let u(r) be the second derivative of r**4/12 + 25*r**3/6 + 5*r**2 + 40*r. Let t be u(-27). Suppose 11*g - t - 13 = 0. Give n(g).
-9
Let l be (126/(-35))/((-9)/60). Let f(c) = -3 - l*c**3 - 1 + 25*c**3 - 5*c**2. Let b be 3 + 3 + -1*1. What is f(b)?
-4
Let g(s) = 2*s - 1. Suppose -55*w = j - 54*w - 12, -25 = -2*j - 3*w. What is g(j)?
21
Let k(j) = -3*j + 2. Let f(t) = -11*t + 9. Let v(r) = 2*f(r) - 7*k(r). Suppose -5*b = 1 - 36. Calculate v(b).
-3
Let y(m) be the second derivative of -7*m**3/6 - m**2/2 - 1859*m. Let t be (2 + -4)/(-2 + 0). Give y(t).
-8
Let y(k) = -48*k + 11*k + 14*k + 24*k. Let c(w) = w**3 - 3*w**2 - w - 4. Let f be c(4). Let m = -5 + f. Determine y(m).
3
Suppose 1 = -2*m - 0*m + 5*t, -t + 3 = m. Let o be m + 8/44 + (-2)/11. Suppose -o*g + 3 = -11. Let n(l) = -l**2 + 8*l + 3. Determine n(g).
10
Let s(j) = j**3 - j + 4. Let v be -1 - (-94)/(-3 - -5). Suppose 0 = 9*u - 450 + 36. Let l = v - u. Determine s(l).
4
Let i(f) = 6*f**2 + f**3 - 2*f**2 - 2624 + 2630. Let m be (-4)/(-22) + (-855)/165. What is i(m)?
-19
Let f(h) be the third derivative of 7*h**4/24 - 8*h**3 - 2*h**2 - 74*h. Give f(7).
1
Let l(n) be the first derivative of -n**4/4 - 5*n**3/3 - 14*n + 4988. Give l(-6).
22
Let j(o) be the first derivative of 5*o**2/2 - 5*o - 9. Let p(i) = 9*i - 11. Let r(t) = -7*j(t) + 4*p(t). Determine r(9).
0
Suppose -86*w = 220 - 138 + 176. Let g(x) = -7*x**2 + 4*x + 10. Give g(w).
-65
Let s(w) = -19*w**3 + 14*w**2 - 294 + 18*w**3 + 35*w - w**2. Give s(14).
0
Let m(l) = l - 4. Let j be m(-3). Let f(y) be the first derivative of y**2/2 - 4*y + 621. Determine f(j).
-11
Let t(q) be the first derivative of q**4/4 + 2*q**3 + q**2 + 4*q - 1. Let n = 214 + -196. Suppose -n = 88*z - 85*z. Give t(z).
-8
Let y(k) = 3*k + k + 33 + 3*k - 2*k + 3*k. What is y(-6)?
-15
Let b(a) = -a**3 + 28*a**2 + 31*a - 36. Let x be b(29). Let u(g) = 3*g + g + x - 27 - 9*g. Determine u(-5).
20
Let p(i) be the first derivative of -i**4/24 - 5*i**3/6 - 37*i**2/2 - 93. Let f(q) be the second derivative of p(q). Give f(-6).
1
Let m(w) = -w**2 - 11*w - 9. Let z be m(-10). Let d(q) = 2*q - 4*q + 0 - z + 36*q**2 - 34*q**2. What is d(2)?
3
Let p be 399/27 + -10 - 2/(-9). Let n(r) = 3*r**2 - 12*r - 13. Let o be n(p). Let s(h) = 12*h + 3. Calculate s(o).
27
Let c = -7876 + 7880. Let r(g) = 6*g**2 + 4*g - 13. Calculate r(c).
99
Let n(y) = 3 - y**2 + 3 + y - 10 - 20*y. Let x(s) = -s**2 - 10*s - 28. Let t be x(-9). Determine n(t).
-4
Let t(x) = -x**2 - 15*x + 17. Let h be t(-15). Suppose -3*b = 26 - h. Let a(w) = -10*w + 2*w + 7*w - 1. Calculate a(b).
2
Let h(x) = -x**3 + 26*x**2 + 2*x - 28. Suppose 0 = -2*d - k + 50, 2*d - 17*k = -15*k + 56. What is h(d)?
24
Suppose 2*t = 188 - 62. Let a = 66 - t. Suppose 4*w + a*w = 14. Let o(p) = 3*p**3 - p**2 + p + 1. Determine o(w).
23
Let f(w) = -w**3 - 11*w**2 - 10*w - 15. Let v be 2432/(-228) + 1*(-6)/(-9). Calculate f(v).
-15
Let d = -80 - -56. Let c = 28 + d. Let m(j) = 2 + j - c + 1. What is m(-3)?
-4
Let n(x) = -216 + 443*x + 212 - 445*x. Calculate n(11).
-26
Let p(n) = -4*n + 5*n - 1 - 6*n + 7*n. Let r(l) = 3*l - 1. Let k(y) = 5*p(y) - 3*r(y). Let x be (-25)/(-3) - (-20)/(-60). What is k(x)?
6
Let l(u) = -u**3 - 7*u**2 + 2*u + 12. Suppose o + 4*n = -12, 5*o + 0*o + 4*n + 12 = 0. Suppose 2*h = 4*p + 20, -3*h = -5*p - o*h - 23. Calculate l(p).
-2
Let i(s) be the third derivative of -1/24*s**4 - 10*s**2 + 0 + 13/6*s**3 + 0*s. Let z be i(11). Let h(d) = -d**3 + 2*d - 2. Determine h(z).
-6
Suppose 2*z - 177 = -2*z + x, z - 4*x - 33 = 0. Let n(p) = -1 - 44*p - z*p + 79*p + 9*p**2 + p**3. Give n(-10).
-1
Let u be (3 - 5) + 33/3. Let i(b) be the third derivative of -13*b**2 - 1/60*b**5 + 5/12*b**4 + b**3 + 0*b + 0. Calculate i(u).
15
Let q = 9163/27471 - 2/9157. Let a(j) be the third derivative of 0*j - 1/12*j**4 + q*j**3 + 5*j**2 + 0. Determine a(2).
-2
Let h(c) be the third derivative of 11*c**6/120 - c**4/24 + c**3/6 - 305*c**2. Let m = 19 + -19. Suppose m*k = 3*k - 3. Determine h(k).
11
Let n = -1705 + 1702. Let x(v) = v**2 + 10*v + 30. Calculate x(n).
9
Let k(u) = 2923*u - 5889*u + 1 + 2948*u + 0. Let s(b) = b**2 + 7*b + 5. Let d be s(-6). Give k(d).
19
Let s(k) = 2*k**2 - 6*k**2 - 20 + 4210*k - 2105*k + k**3 - 2116*k. What is s(6)?
-14
Let k be -10 + (-10)/8*128/(-32). Let c(w) = -9*w - 33. What is c(k)?
12
Let p(b) = -b + 1. Let w(i) = -6*i - 4. Let t(s) = 8*p(s) - w(s). Suppose -c = 3*a - 31, -33*a + 3*c = -27*a - 27. Give t(a).
-4
Let v be (-4)/(-3)*(-180)/(-40). Suppose -3*r + v*d + 1550 = d, r - 512 = 4*d. Let g(y) = -r*y + 2 + 5*y**2 - 527*y + 1051*y. Calculate g(-2).
14
Let b(w) be the third derivative of w**5/60 + w**4/3 + 3*w**3/2 - 268*w**2 + 1. Let z = -11 + 15. Suppose 4*p - 18 = z*d + 18, 4 = 2*p. Give b(d).
2
Let i = -184 - -193. Let s(o) = 7 - 2*o**3 - 4*o**2 + 0 - 4*o - i. Let a(f) = -f**2 + f. Let h be a(2). Determine s(h).
6
Let m(k) = 907 - 4*k**3 - 451 - 2*k - 448 + 3*k**3 + 3*k**2 + 5*k. What is m(4)?
4
Suppose 0 = 24*a - 27*a + 15, 15 = k - a. Let q(h) = -h**3 + 19*h**2 + 17*h + 64. Give q(k).
4
Let p(z) be the second derivative of z**5/20 + z**4/6 - z**3/2 - 5*z**2 + 6377*z. Give p(-4).
-30
Let o(g) = -16*g + 21*g + 0 - 29. Let d be o(6). Suppose -d = i + 3. Let j(z) = z**2 + 2*z + 1. Calculate j(i).
9
Suppose 0 = -19*m - 29*m - 672. Let a(r) = 2165*r - 2163*r + 22 + 7. Calculate a(m).
1
Let u(m) = m**2 + 29*m - 69. Let x be u(2). Let k(l) = -3*l**2 + 10*l - 27. Let d(a) = a**2 - 5*a + 13. Let s(q) = -5*d(q) - 2*k(q). Determine s(x).
3
Let a(h) = 121953180 - 13*h - h**3 + 15*h**2 + 32*h - 121953210. Give a(16).
18
Suppose -3*y + 112 = -y. Suppose 2 = 6*a + y. Let f(c) = c**2 + 11*c + 15. What is f(a)?
-3
Let u = -1683 + 1690. Let j(y) = -y**2 + 8*y + 15. Determine j(u).
22
Let o(t) = -106*t - 64*t + 13*t**2 - 93*t + 305*t - 34 - 11*t**2. Determine o(-22).
10
Let r(f) = -48080*f + 24040*f + 24036*f + 38. Calculate r(8).
6
Let i(o) be the second derivative of o**6/360 + o**5/120 + 19*o**4/4 + 14*o. Let v(y) be the third derivative of i(y). What is v(3)?
7
Let h(z) = z**2 - 1. Let v(y) = -7*y**2 - 10*y - 2. Let p(k) = 6*h(k) + v(k). Calculate p(-6).
16
Let i be (6 - 18)*(-1)/2. Suppose -3*f - 49 = -5*u, -4*f - 4*u = u + 7. Let t be 16/i + (-5)/(30/f). Let b(r) = -3*r - 1. Give b(t).
-13
Let s = -6358 + 6362. Let n(o) = -9*o + 7. Determine n(s).
-29
Let k(l) = l + 1 + 1 - 2 + 3 + l**2. Let d = 17 + -15. Suppose -4*p + d*p = 0. Give k(p).
3
Let j(h) be the second derivative of h**3/6 + h**2 + 6*h - 2978. Let q be 3/9*(14 + -2). Suppose q*u - 43 = -11. Give j(u).
10
Let l(r) = 393*r + 335. Let g(n) = -29*n + 1. Let y(f) = -14*g(f) - l(f). Calculate y(27).
2
Let l(i) = i**3 - 38*i**2 + 359*i + 25. Let k be l(18). Let m(h) = 4*h - 6. Calculate m(k).
22
Let o(u) = -u**2 + 4*u + 25. Let y be (32/10 + 1)/((-384)/(-1280)). Give o(y).
-115
Let a(r) = 6*r**3 - 2*r**2 + 1. Suppose 3*g + 9 = -7*q + 9*q, 2*q - 3 = -3*g. Calculate a(g).
-7
Let h(o) = 7*o - 5. Let s(x) = 8*x - 1. Let k = -79 + 80. Let y(m) = k*h(m) - s(m). Let z be (-1 - 0)*(-10)/2. Determine y(z).
-9
Suppose -53*l = -60*l + 7. Let z(q) be the thir